) to base 15.
-93e0
-1310135 (base 9) to base 4
-2232213332
What is -2c362e (base 15) in base 16?
-209ea9
Convert 3432043 (base 6) to base 14.
47cdd
What is 1316353 (base 7) in base 6?
3411334
What is -a37850 (base 12) in base 10?
-2563836
Convert -12753085 (base 9) to base 5.
-3102404023
113112 (base 4) to base 14
78a
What is -11140442243 (base 5) in base 12?
-41b9552
What is 2667511 (base 8) in base 16?
b6f49
Convert 4120452 (base 7) to base 15.
9ad93
Convert 35b21 (base 15) to base 8.
516370
Convert -13102312202 (base 4) to base 13.
-51c4c4
Convert 61315 (base 11) to base 16.
15dd4
121010220102 (base 3) to base 7
2462312
12534d (base 16) to base 3
2021000102111
What is 2201022202 (base 4) in base 3?
1020112112021
3112405 (base 6) to base 12
72705
-3040011 (base 6) to base 3
-21101010021
1153a (base 11) to base 14
60b2
-1411267 (base 10) to base 8
-5304303
Convert 10002122110 (base 3) to base 16.
ee32
Convert 11024120 (base 6) to base 11.
206008
-2402112242 (base 5) to base 14
-a33c00
Convert 194245b (base 13) to base 10.
8287836
What is -1267711 (base 12) in base 3?
-20210222022211
Convert -33331103 (base 4) to base 14.
-19b6b
9c95 (base 15) to base 7
165560
What is 5242674 (base 9) in base 6?
140031234
587149 (base 10) to base 12
243951
-486432 (base 12) to base 2
-100011110001011100110
What is 34cd7d (base 15) in base 10?
2524168
Convert 1000110001011001111 (base 2) to base 7.
2305005
Convert -13673 (base 12) to base 6.
-324223
-c11dfc (base 16) to base 12
-42a4190
What is -3104344133 (base 5) in base 4?
-120020022312
Convert 2b08ab (base 12) to base 7.
6115442
What is -106361467 (base 8) in base 14?
-264c5dd
14c92c4 (base 13) to base 4
121131220220
276863 (base 10) to base 8
1034577
What is -7074a3 (base 12) in base 6?
-101335123
-13746012 (base 9) to base 15
-8eb1ae
What is a64a86 (base 14) in base 9?
11517573
-1643706 (base 13) to base 8
-33300617
Convert -1101120102212 (base 3) to base 8.
-2644306
378193 (base 12) to base 13
259344
Convert -104526 (base 7) to base 13.
-851a
Convert -1110001010000100100 (base 2) to base 8.
-1612044
What is 64688 (base 9) in base 5?
2332343
-116734 (base 8) to base 12
-1b478
What is 1308684 (base 10) in base 12?
531410
-413236 (base 9) to base 4
-323312103
Convert -136482 (base 10) to base 13.
-4a178
What is -153036462 (base 7) in base 9?
-21244403
What is -1220404 (base 5) in base 13?
-a75b
-7759464 (base 10) to base 15
-a34179
What is -167041 (base 12) in base 6?
-12132121
What is -7637210 (base 9) in base 2?
-1111101000110100001010
Convert -10102212100001 (base 3) to base 8.
-6762007
75296 (base 11) to base 13
3aab3
1026a66 (base 11) to base 16
1b9ebf
Convert -209b99 (base 12) to base 14.
-d591b
Convert -346640 (base 9) to base 14.
-55c99
What is -5570cc (base 15) in base 5?
-2020330232
1658455 (base 11) to base 5
1210303024
120145 (base 9) to base 16
11a65
Convert 3154c (base 15) to base 16.
2631f
-16a293 (base 12) to base 2
-1011111011100001111
What is -164231 (base 7) in base 14?
-bcc1
Convert 1110000012110 (base 3) to base 11.
484936
Convert -2307040 (base 8) to base 16.
-98e20
Convert -236 (base 11) to base 12.
-1b5
-30234514 (base 8) to base 2
-11000010011100101001100
What is 11115446 (base 7) in base 15?
140215
What is -11112121221 (base 3) in base 9?
-145557
What is -3205969 (base 10) in base 13?
-883330
114505641 (base 7) to base 6
413050433
Convert 196374 (base 10) to base 9.
328333
Convert -3123455 (base 9) to base 4.
-12113132333
Convert -13372356 (base 8) to base 5.
-1232334242
Convert 100000100100110010 (base 2) to base 11.
91277
Convert 53982 (base 12) to base 14.
2c278
Convert 1a5b7 (base 15) to base 7.
504526
Convert -45314 (base 8) to base 5.
-1103043
23021310 (base 4) to base 8
131164
What is 4f91e4 (base 16) in base 7?
62216120
Convert -2223003 (base 5) to base 3.
-1222200012
-1789a87 (base 13) to base 15
-a19532
Convert -1962d5 (base 15) to base 6.
-42253432
Convert 372520 (base 10) to base 3.
200221000001
What is -10001102100120 (base 3) in base 6?
-54434323
What is 1a0ac (base 16) in base 9?
172280
43653660 (base 7) to base 5
1430330311
-2865b0 (base 12) to base 14
-137ca0
What is -68081 (base 12) in base 4?
-201301201
Convert 2114204 (base 5) to base 15.
a804
45032 (base 8) to base 7
106210
What is -bb9d (base 14) in base 3?
-1122112221
Convert -7620122 (base 9) to base 3.
-21200200010202
-277477 (base 8) to base 7
-556016
-100165153 (base 7) to base 14
-aacc9a
Convert -23748 (base 16) to base 2.
-100011011101001000
What is 23014415 (base 6) in base 16?
ab6cb
What is 1002210101 (base 3) in base 7?
120214
What is 324455424 (base 6) in base 4?
112031322220
Convert -2633717 (base 8) to base 5.
-142011213
Convert -101132340 (base 6) to base 11.
-a88185
-5c93c (base 16) to base 5
-44113241
-12131245 (base 6) to base 10
-385229
What is 22266a1 (base 12) in base 13?
1474a56
a021a (base 12) to base 16
32b36
Convert -393934 (base 13) to base 12.
-5660b7
Convert 222310113031 (base 4) to base 16.
ab45cd
-102146 (base 14) to base 7
-4422516
1142125 (base 7) to base 14
3aabc
44357 (base 9) to base 3
1111101221
What is 272a7 (base 11) in base 2?
1001100000101110
What is 100202120220011 (base 3) in base 14?
990a6c
643131 (base 9) to base 16
5d772
What is 134063 (base 8) in base 14?
13283
What is -146016 (base 9) in base 3?
-11120000120
Convert 124047 (base 10) to base 11.
85220
Convert 1202210 (base 7) to base 6.
3131542
Convert -511e (base 16) to base 2.
-101000100011110
Convert -850bc (base 13) to base 7.
-2015424
What is -1b22c6 (base 14) in base 4?
-3223330312
Convert -14701117 (base 8) to base 2.
-1100111000001001001111
-1000110100010011111 (base 2) to base 9
-480300
Convert -255101144 (base 6) to base 2.
-10011000100110000111000
Convert 1abdd4 (base 15) to base 6.
43553414
Convert -26230173 (base 8) to base 16.
-59307b
What is 2405263 (base 8) in base 2?
10100000101010110011
What is 850064 (base 9) in base 2?
1111011010110100111
-211311222 (base 4) to base 14
-406a6
What is -1034004 (base 6) in base 5?
-3121122
What is 1023310222 (base 4) in base 14?
81278
What is 1128574 (base 9) in base 6?
21023404
Convert 100010011000000110 (base 2) to base 13.
4c123
2822624 (base 11) to base 13
1014053
Convert -200140111 (base 5) to base 12.
-31b476
Convert 31332020311 (base 4) to base 13.
9b2cc3
Convert 14a996 (base 11) to base 14.
6146b
What is -b4040 (base 15) in base 16?
-8b443
Convert 16e786 (base 15) to base 13.
2cc244
What is 38516 (base 10) in base 2?
1001011001110100
Convert -453335 (base 8) to base 3.
-21210022010
What is 120636 (base 9) in base 15?
16810
Convert 4733643 (base 9) to base 3.
11211010201110
3256 (base 13) to base 12
4074
What is 14251431 (base 6) in base 14?
ca2a7
-42766 (base 8) to base 2
-100010111110110
-21221143 (base 5) to base 3
-100010021221
Convert 36310 (base 9) to base 15.
7309
What is -202003002312 (base 4) in base 9?
-17713263
-2455601 (base 7) to base 14
-83501
221220031 (base 4) to base 16
29a0d
What is 22046256 (base 7) in base 4?
13032130221
-200110132 (base 4) to base 11
-90508
Convert -101113200222 (base 4) to base 9.
-8508166
-111101011001110101 (base 2) to base 15
-4e7c4
What is bb0006 (base 14) in base 6?
343505330
-102200102122 (base 3) to base 8
-701075
-54320623 (base 7) to base 8
-21556005
Convert -4116553 (base 9) to base 3.
-11010120121210
Convert -262361 (base 7) to base 3.
-2111001222
Convert -22211221211 (base 3) to base 2.
-101010100001110111
d3116 (base 14) to base 7
4213426
Convert -543603 (base 7) to base 8.
-271365
Convert 2b105 (base 12) to base 6.
1144405
Convert 30115102 (base 6) to base 16.
cf84e
Convert 1632742 (base 10) to base 13.
452227
Convert 3033625 (base 10) to base 12.
10236a1
786908 (base 13) to base 5
1211423000
What is -10222102212 (base 3) in base 16?
-131f3
2365271 (base 9) to base 2
100111001010011000010
Convert 26851 (base 11) to base 16.
9594
Convert -11221221021 (base 3) to base 4.
-113311213
2ca4e9 (base 16) to base 12
b91209
4212206 (base 7) to base 16
7be09
Convert 756707 (base 10) to base 7.
6301100
-406502 (base 9) to base 15
-4b602
Convert ee0681 (base 15) to base 3.
210100012120111
What is -12d51 (base 16) in base 15?
-17cc7
-670777 (base 9) to base 15
-7db8d
Convert 35b93 (base 15) to base 3.
22201001210
